8 = -2*x + 2*t. Is x a multiple of 17?
True
Suppose -5*o - 30 = -5*t, -4 = -2*o - 2. Does 5 divide t?
False
Suppose 7*g - 45 = 2*g. Suppose -5*a - 224 = -g*a. Is 14 a factor of a?
True
Let x(p) = -p**3 + p**2 - p + 3. Let o be x(0). Suppose 0 = -2*z - 2*u + 434, 669 = o*z + u - 4*u. Suppose 4*k + k = z. Is 22 a factor of k?
True
Let u(l) = -l**3 + 7*l**2 + 3*l + 1. Let v be u(7). Suppose j = 4*z - v, j = -2*j + 5*z - 66. Let s = j + 53. Is s a multiple of 8?
False
Suppose -4*z - 2*w - 66 + 176 = 0, 3*w = -z + 20. Does 4 divide z?
False
Let y = -4 + 7. Suppose -y*f + 17 - 2 = 0. Suppose 3*w + f*n + 0*n - 34 = 0, 2 = -w + n. Is 3 a factor of w?
True
Suppose -r - 1 = 14. Let c = r + 26. Is c a multiple of 4?
False
Let o(v) = -v**2 + 7*v - 4. Let l be 1 + -20 - (0 - 2). Let p = -12 - l. Does 3 divide o(p)?
True
Suppose 5*h - 4 - 1 = 0. Is 33 a factor of (-700)/(-21) + h/(-3)?
True
Suppose 0 = -0*r + 6*r - 1440. Is 12 a factor of r?
True
Let c(p) = -p**3 - 2*p**2 + 3*p - 1. Let i be c(-4). Suppose 0 = -2*g - 3*j - i + 76, -9 = -3*j. Let t = -14 + g. Does 5 divide t?
True
Let y be (-2)/7*(7 + -14). Suppose -y*w + 160 = 3*w. Does 10 divide w?
False
Let v be 19/2 + 2/(-4). Let a(r) be the first derivative of r**4/4 - 10*r**3/3 + 9*r**2/2 + 5*r + 21. Is a(v) a multiple of 5?
True
Suppose 6*n = 4*d + 4*n - 38, 5*n + 18 = 3*d. Let r be 211/d + (-2)/11. Suppose -3*p + 2*p + 5*v + r = 0, -160 = -4*p - v. Is p a multiple of 13?
True
Let v(a) = -15*a - 9. Is 6 a factor of v(-5)?
True
Let x(o) = 6*o**2 + 11*o - 1. Let i(u) = 5*u**2 + 11*u - 2. Let l(r) = 7*i(r) - 6*x(r). Let q be l(10). Suppose g - 96 = -q*g. Does 8 divide g?
True
Let b be 2*11 - (13 + -11). Is b/2 + (-1 - 2) even?
False
Is -24 + 34 + -4 + 0 even?
True
Suppose -7*j - 2*j = -1017. Is j a multiple of 13?
False
Let p(o) = -9*o + 5. Let c = -2 - 3. Is 13 a factor of p(c)?
False
Suppose 16 = 4*c - 12. Suppose c*t + 24 = 11*t. Does 2 divide t?
True
Let t = -11 + 16. Suppose -t*m = -31 - 4. Is 4 a factor of m?
False
Let s(f) = -2*f - 2. Is s(-3) even?
True
Let d(s) = 2*s**3 - 5*s**2 + 4*s - 4. Does 23 divide d(4)?
False
Let y = -6 - -10. Suppose -c - 9 = y. Let v = c - -36. Does 18 divide v?
False
Let k(h) = -h**2 - 13*h - 9. Let j be k(-12). Suppose -2*u + 11 = -j*x, -4*u + 0*x + 46 = 2*x. Is 5 a factor of u?
True
Let k(v) = -2*v - 13. Let m be k(-9). Suppose -11 = m*d - 3*q, 3*d - 5*q + 10 = -3. Let b(s) = -18*s - 1. Is b(d) a multiple of 5?
False
Suppose q - 84 = -q. Let d(z) = -z**2 + 8*z - 3. Let r be d(5). Suppose -r = -3*p + q. Is p a multiple of 9?
True
Let r = 979 + -485. Does 32 divide (-3)/4 - r/(-8)?
False
Suppose s + 2*s = 3*k + 114, -3*s - k + 126 = 0. Is 25 a factor of s?
False
Let g = -27 + 15. Let a = g + 48. Is a a multiple of 12?
True
Let t(g) = 2*g**2 - 3*g - 4. Let s be t(3). Suppose s*b = 27 + 8. Suppose c - 29 = -2*f, -3*f = -2*f + 3*c - b. Is 8 a factor of f?
True
Let q(v) = -v**3 + v + 3. Is 9 a factor of q(-2)?
True
Let s = 57 + -51. Is 6 a factor of s?
True
Suppose -2*t = -3*w + 6*w - 106, 3*w - 206 = -4*t. Is 10 a factor of t?
True
Let m = -5 - -7. Suppose 55 = -c - 3*n, c + m*n + 8 = -44. Let l = -19 - c. Is 12 a factor of l?
False
Let p(x) = -3*x**3 + 5*x**2 - x + 5. Does 41 divide p(-4)?
False
Suppose -s + 9 = -22. Let j = -20 + s. Does 11 divide j?
True
Let q(k) = -4*k + 6. Does 14 divide q(-9)?
True
Let c(g) = 20 + 2*g - 3*g - 3*g + 3*g. Is 4 a factor of c(14)?
False
Let n(v) = 2*v + 9. Is 6 a factor of n(0)?
False
Suppose -5*z + 0*d + 2*d = -810, -15 = 3*d. Let o = -102 + z. Is o a multiple of 15?
False
Let i(f) = 3*f**2 + 10*f - 13. Is i(-6) a multiple of 7?
True
Suppose -2*l - 10 = 0, -2*l + l = -4*z + 1. Let s = z + 28. Is s a multiple of 15?
False
Let s(c) = c + 4. Let o be s(6). Is (-118)/(-5) + (-6)/o a multiple of 10?
False
Suppose -2*p + 0*r - r = -5, 3*p - 3*r = 21. Suppose 2*h + 3*j = 24, -5*j = -4*h - 0*j + p. Does 3 divide h?
True
Suppose -120 = -a + 3*u, -3 = -2*u + 7. Is a a multiple of 14?
False
Suppose 4*w + 1 = 9. Suppose c - w*b + b - 18 = 0, b = 3*c - 44. Is c a multiple of 13?
True
Suppose 0 = 2*h - u - 4 + 1, -4*h + 5*u - 9 = 0. Suppose 0 = -0*q + h*q - 24. Is q a multiple of 3?
True
Let b(k) = -k**3 + 9*k**2 + 20*k - 10. Is 18 a factor of b(10)?
True
Let q = 0 + 2. Suppose -q*s - 3*s + 24 = 2*r, 3*s = -6. Suppose 3*m + g = 4*m - r, m - 4*g = 26. Is m a multiple of 14?
True
Let p(u) = -u + 2*u**2 - 1 - 6*u - u**2. Let d be p(5). Does 3 divide 3/12 - d/4?
True
Let r(t) = -5*t + 9. Is r(-5) a multiple of 17?
True
Suppose -5*r = -4*r - 48. Does 16 divide r?
True
Let n be 15*(-1)/(-2 + 1). Let o = n + 14. Does 13 divide o?
False
Suppose 3*r + 63 = 111. Is r even?
True
Let r = 5 + -6. Is 6 a factor of 5 - (-1 + r + 1)?
True
Let f(m) = -2*m**3 + 2*m**2 + 5*m + 3. Does 15 divide f(-3)?
True
Let y(w) = -w**2 + 6*w - 5. Let z be y(4). Suppose -66 = -z*q + 36. Is q a multiple of 17?
True
Let p(z) = -z**3 - 3*z**2 + 3*z. Let m be p(-4). Suppose -5*u - 10 = -2*n, -42 = -m*n + u - 2*u. Is 9 a factor of n?
False
Suppose 0 = -y - 3*r + 312, y = -3*y - 2*r + 1288. Let m be (-4)/10 + y/10. Is 16 a factor of m*(-1 + 3/2)?
True
Suppose 5*h + 6*a = a - 50, 0 = -4*h - a - 49. Let q = h - -27. Suppose -v = -4*s + q + 10, -4*s - 5*v = 0. Does 3 divide s?
False
Let t be -2 + (3 - 2) + 1. Suppose 4*u + g - 54 = 33, 2*u - g - 45 = t. Is 9 a factor of u?
False
Let b(f) = -f**3 - 5*f**2 - f - 6. Let w be b(-5). Let k be -5*(12/(-10) - w). Suppose q - 4 = -k. Is q even?
False
Let v(i) = 4*i - 9*i + i + 6*i**2 - 2 + 0*i**2. Is v(-2) a multiple of 15?
True
Let j(g) be the first derivative of g**2 + 6*g - 3. Is j(0) a multiple of 3?
True
Let y(f) = f**3 + 5*f**2 + f. Is 10 a factor of y(-4)?
False
Let k(g) = -g + 2. Let h be k(2). Is -1*(h - 1)*14 a multiple of 3?
False
Let o be 1 - (1 + 0) - -1. Let m be 0 + -1 + 1 + o. Is (2 - 2 - -21)*m a multiple of 10?
False
Suppose -2*a + 54 = -72. Let c = 111 - a. Does 24 divide c?
True
Suppose g - 272 = -3*g. Let y be ((-2)/(-8) - 0) + (-3663)/(-148). Suppose u - 5*j = g, -y = j + 4*j. Is u a multiple of 14?
False
Is 12 a factor of (-378)/(-22) - (-10)/(-55)?
False
Let d(l) = -12*l - 2. Let a be ((-4)/(-2) - 4)/(-2). Let n be (a + -2)/(2/6). Is 12 a factor of d(n)?
False
Is 3/6 + (-8449)/(-34) a multiple of 38?
False
Let j = 19 + -9. Let v(l) = l - l**3 + 10*l**2 - 7 + 1 - 2. Is v(j) a multiple of 2?
True
Suppose -144 = -4*q + 2*s, -2*q + 3*s = -63 - 17. Is 22 a factor of 1*q*(-9)/(-6)?
False
Suppose 2*k = -0*k + 36. Does 3 divide k?
True
Suppose -225 = 3*m - 3*z, -5*m + 4*z - 303 = 69. Let n = -11 - m. Suppose 3*h = -s + n, -5*h = 3*s - s - 102. Does 20 divide h?
True
Let u = 7 + 0. Suppose 0 = -2*z + u*z - 115. Is z a multiple of 15?
False
Let o = 18 - 41. Let s = o + 49. Is 13 a factor of s?
True
Is 9 a factor of (-1)/6 - 165/(-18)?
True
Suppose 0 = -5*l + 2*b - 24, 0 = -2*l - 3*b - b. Let a(k) = k**3 + 3*k**2 - k + 2. Let i be a(l). Let h = i - -59. Does 21 divide h?
False
Is 20/(-8)*(-16)/2 a multiple of 9?
False
Let b = 5 - -32. Is 15 a factor of b?
False
Let z(i) = 2*i**2 - i - 2. Suppose 1 = 4*w - 7. Let s be z(w). Suppose 45 = s*l - 11. Is l a multiple of 9?
False
Suppose 60 = -l + 87. Is 27 a factor of l?
True
Suppose -4 = -3*r - 5*n, n = 4*r + 5*n - 8. Suppose r*o + 4*v = 10 + 4, o = 4*v + 10. Suppose -o = -2*s - p, -s + 13 = p - 3*p. Does 4 divide s?
False
Let b(p) be the first derivative of -p**4/4 - 2*p**3/3 + 5*p**2/2 - p + 31. Suppose 3 = -r, -4*h - 2*r = 21 + 1. Does 4 divide b(h)?
False
Let j(x) = -x**2 + 9*x - 4. Let i be j(8). Suppose i*o - 20 = -0. Suppose 0 = -2*g + o + 7. Does 3 divide g?
True
Suppose 3*r = -i + 17, 0*r + 4*i = -r + 24. Let z(c) = c + 4. Is 4 a factor of z(r)?
True
Let f(r) be the first derivative of r**4/4 + 10*r**3/3 - 5*r**2 + 8*r + 2. Let k be f(-11). Is (-125)/k - 2/3 a multiple of 20?
False
Suppose 2*t - 3*r + 1 = 7, 12 = 4*t - 4*r. Let a be (t + -6)/(2/(-8)). Let x = 26 - a. Is x a multiple of 6?
False
Let o(b) = -b**3 - 11*b**2 - 16*b - 11. Does 13 divide o(-10)?
False
Let m(x) = -x + 5. Let q be (-9)/(-8)*2*-4. Let o = 3 + q. Is 11 a factor of m(o)?
True
Let a(d) = -d + 7. Let z be a(7). Suppose 0 = -z*o + 5*o. Suppose -m + c = 2*c - 24, 4*m - 3*c - 124 = o. Is 17 a factor of m?
Fal